. Let k be (1 + h)*15/(-10). Let l(v) = v**3 - 4*v**2 + 4*v - 3. Give l(k).
0
Let i(u) be the third derivative of u**6/720 - u**5/40 + u**4/24 + u**2. Let o(q) be the second derivative of i(q). Let z = 1049 + -1052. Determine o(z).
-6
Let r = -82 + 121. Let p = r - 29. Let g(h) = -2*h + 14. Calculate g(p).
-6
Suppose -10 = 10*w - 12*w. Let u(t) = 7*t**2 - 5*t + 1. Let a(y) = -10*y**2 + 8*y - 2. Let n(k) = w*a(k) + 7*u(k). Give n(3).
3
Suppose s - 2 = 3. Let y(f) = -5*f - 4. Let a(p) = -4*p - 4. Let l(z) = -6*a(z) + 5*y(z). Determine l(s).
-1
Let i(t) = t**3 - 7*t**2 + t - 5. Suppose 76 = 9*a + 4. Calculate i(a).
67
Let s(x) = 21*x + 3. Let c be s(-1). Let l = -10 - c. Suppose 0 = m + m + l. Let a(v) = v + 6. Determine a(m).
2
Let l(x) be the second derivative of -6*x + x**2 + 0 + 1/2*x**3. Calculate l(-3).
-7
Let k(s) = -s**2 + 7*s - 6. Let h be k(6). Let l(y) be the third derivative of -1/60*y**5 - 2/3*y**3 + 0*y + 0 + 1/24*y**4 - 10*y**2. What is l(h)?
-4
Suppose 0 = -37*x - 5*x - 210. Let c(r) = 2*r. What is c(x)?
-10
Let g(s) = s**3 - 9*s**2 + 6*s + 13. Let j be g(9). Let d = 102 - j. Let f(w) = w**3 + 1 - d*w**2 - 3*w + 0 + 34*w**2. What is f(2)?
-1
Let f(u) = -u - 3. Let t(r) = 3*r + 5. Let b(m) = 5*f(m) + 2*t(m). Let i be b(7). Let q(w) = 11 + 0*w**i - w - 2*w + 4*w + w**2. What is q(0)?
11
Let h(w) = -5*w - 4. Let q(c) = 2*c + 3. Let p(v) = 3*h(v) + 5*q(v). Suppose -3*o = -1 - 8. What is p(o)?
-12
Suppose -609*i + 28 = -613*i. Let y = 10 + -6. Let s(a) = a**3 + 1 - y + 10*a**2 - 3*a**2. What is s(i)?
-3
Let c(k) = k**3 - 6*k**2 + 7*k - 4. Let j = 39 - 28. Let r = -8 + j. Suppose -10 = d - r*d. Calculate c(d).
6
Let w(v) = 12*v**2 + v + 6. Let f(r) = 7*r + 13 - 30*r**2 + 55*r**2 - 2*r - 3*r. Let y = -2 - 11. Let b(j) = y*w(j) + 6*f(j). Calculate b(-1).
-5
Let u(o) = 5*o**2 + 13*o - 29. Let j(n) = -4*n**2 - 13*n + 28. Let w(t) = 4*j(t) + 3*u(t). Determine w(-15).
-5
Let l = -36 + 32. Let w be -2 - (2 - (-1 - l) - 1). Let a(p) = p + 1. Let m(d) = -3*d + 3. Let r(u) = 2*a(u) + m(u). Determine r(w).
5
Let i be ((-3)/(-6))/(1/(-2)). Let g(w) be the first derivative of -2*w**2 - 11 - 1 + 5*w**2. Calculate g(i).
-6
Suppose -50 = -4151*l + 4141*l. Let w(i) = -i**3 + i**2 + 7*i - 1. Give w(l).
-66
Suppose 0 = 4*k - 98 + 14. Suppose v = 3*s - 0*v + 6, -k = 5*s + 2*v. Let r(j) = 1 + 79*j**2 + 74*j**2 - 151*j**2 + 4*j. What is r(s)?
7
Let u(f) = -f - 103 + 219 - 19 - 100. Let c = 13 - 21. Determine u(c).
5
Let b(r) = -r**2 - r + 1. Let c(f) be the third derivative of f**6/60 + f**5/20 + f**4/12 + f**2. Let d be c(-2). Let j = d + 8. Calculate b(j).
1
Let q(y) = y - 5 + 3*y - 5*y + 1. Let i be q(-4). Suppose -5*p + 3*p = i. Let v(g) = -g**2 - 9. Give v(p).
-9
Let o(m) = 2*m - 4. Suppose 0 = 3*h + 2*h - 2*n + 116, -4*n = 5*h + 98. Let s be 4/(-16) - h/(-8). Calculate o(s).
-10
Let o(n) be the second derivative of n**5/20 - 7*n**4/6 + 2*n**3 - n**2/2 - 139*n. What is o(13)?
-14
Let q(m) = -2*m + 11. Let g(t) = t - 5. Let l(i) = 5*g(i) + 2*q(i). Suppose 12*s - 13*s = -3. Calculate l(s).
0
Let m(t) = t**2 - 5 + 2*t + t**3 + 9*t**2 - 20*t**2 - 2*t**3 + 4*t**2. Determine m(-7).
30
Let t(x) be the first derivative of 3*x**2/2 + x + 1. Suppose 0 = 4*c + 16 - 4. Let i be 2/c - 20/15. Calculate t(i).
-5
Let r(g) = -102*g + 10. Let u(a) = 30*a - 3. Let p(b) = -3*r(b) - 10*u(b). Determine p(2).
12
Let v(w) be the first derivative of -w**4/4 - w**2/2 + 24*w - 51. Let x(o) = 2*o**3 + 2*o - 49. Let y(p) = -5*v(p) - 2*x(p). Give y(0).
-22
Let v be (-6)/27 - 4162/(-18). Let n = -148 + v. Let j(h) = 0*h**2 - 76 + n - h**2 + h**3. Calculate j(0).
7
Let k(z) be the second derivative of -z**6/720 - z**5/12 - 29*z**4/12 - z - 5. Let p(l) be the third derivative of k(l). Determine p(-8).
-2
Let k(t) = t**2 + t + 2. Let y(u) = -3*u**2 + 22*u + 47. Let z(v) = -2*v**2 + 11*v + 23. Let l(n) = -3*y(n) + 5*z(n). Let g be l(-8). Calculate k(g).
4
Let i(o) = -151*o + 1511. Let a be i(10). Let b(r) = -13*r**3 - r**2 + 3*r - 1. Let y(d) = d**2 - d. Let z(s) = b(s) + 2*y(s). Give z(a).
-12
Let c(j) = -2*j + 12. Let t be ((-21)/(-9))/((28/(-24))/(-7)). Give c(t).
-16
Suppose 5*o + 20 = 15*o. Let y(z) = -2 - 6*z**2 + 7*z**2 + 4*z**o - z**2. Determine y(-2).
14
Let h(l) be the third derivative of -l**5/40 + l**4/6 - l**3 - l**2. Let v(i) be the first derivative of h(i). Let c = -4 - -8. Give v(c).
-8
Let j(u) be the first derivative of -u**2 + u + 13. Suppose -3*z + 8*z = 15. Calculate j(z).
-5
Suppose -2*f = -0*f - 4. Suppose a = 3 + 1, 0 = f*h - a + 4. Let m(z) = z + 10. Let b(n) = -n - 9. Let w(s) = 7*b(s) + 6*m(s). Give w(h).
-3
Let k be (-692)/(-28) + 10/35. Suppose 21*o = k*o + 20. Let q(y) = -2*y**2 + 8*y + 3. Let n(a) = -3*a**2 + 15*a + 5. Let s(t) = 3*n(t) - 5*q(t). What is s(o)?
0
Let t(s) = -4*s**2 - s**2 + 6 - 4*s**3 + 2*s - 2*s**3 - s**3 + 6*s**3. Let v(i) = -5*i**2 + 2*i - 1. Let c be v(1). What is t(c)?
-18
Let x be (-15)/(-6)*7/((-35)/10). Let p(i) be the first derivative of i**3/3 + 3*i**2 + 5. Give p(x).
-5
Let c(x) = -6*x + 1. Let o(d) = -3 + d**2 - 1 + 5*d + 0*d. Let g be o(-6). Suppose 0*y + 2 = g*y. Calculate c(y).
-5
Let t(b) = b**3 - b + 1. Let p(w) = 6*w**3 + 4*w**2 - 3*w + 5. Let i(q) = p(q) - 5*t(q). Let s = -2 + -1. Determine i(s).
3
Let q(w) be the first derivative of -w**4/12 - w**3/3 + w**2/2 + 12*w - 8. Let b(t) be the first derivative of q(t). Determine b(-3).
-2
Let d(y) = y. Suppose 8 = -4*a - 0. Let s(c) = -2*c. Let t(b) = a*d(b) - 2*s(b). Suppose 0 = 2*r, 0 = m + 4*m + 4*r + 10. Give t(m).
-4
Let p(h) = -h**3 - 10*h**2 - h - 2. Let w(r) = -r**3 - 4*r**2 - 2*r - 6. Let g be w(-2). Give p(g).
8
Let q(p) be the first derivative of 2*p**2 + 4*p + 33. Determine q(-4).
-12
Let n(y) = 23*y**2 + 6*y - 2. Let c(b) = -34*b**2 - 8*b + 3. Let q(j) = 5*c(j) + 7*n(j). Calculate q(-1).
-10
Suppose 0 = d - 0*w - w + 3, -5*w = 5*d - 35. Let i(g) = -3*g + 9. Let n(k) = -k + 6. Let a(v) = -2*i(v) + 3*n(v). Calculate a(d).
6
Let p(x) = -x**3 - 10*x**2 + x + 9. Suppose 4*j = 3 + 5. Suppose 22 = -3*o - 0*d + 4*d, -j*d = 5*o + 54. Determine p(o).
-1
Let h(k) = 3 + 9 - k - 3. Suppose 2*z = 7*z - 25. Let t = 9 - z. Determine h(t).
5
Let p(v) = 106 - 39 + 6*v - v - 2*v**2 - 30 - 29. Calculate p(6).
-34
Let r = 27 - 15. Suppose -2*x = 2*k + 12, -r = 3*x - x + k. Let i(d) = -d**2 - 5*d + 8. Calculate i(x).
2
Let v(i) be the first derivative of 3*i + 1/4*i**4 - 1 + 2*i**3 + 5/2*i**2. Let p = 31 + -36. What is v(p)?
3
Let b(t) = -2*t + 7. Let l be 5/(-1) + 2 - (-2 - 6). Give b(l).
-3
Let g(z) = -15*z**3 - 17*z**2 + 2*z + 11. Let h = 7 + 6. Let f(p) = -7*p**3 - 8*p**2 + p + 5. Let w(k) = h*f(k) - 6*g(k). Give w(-2).
-3
Let v = -24 + 26. Let p(n) = 6*n**3 - 4*n**3 - n**2 - n**3 - v + n. Let d be (-1)/(-5) + 4/(-20). What is p(d)?
-2
Suppose 3*v + 1 = -5*w, -5*w + 13 = 3*v - 7*w. Suppose c = -f + 12, -c - 5*f + 19 + 13 = 0. Let p(o) = -5*o + 1 - v*o + c*o - 3*o + o**2. What is p(4)?
1
Let a(c) = -2*c**2 + 45*c + 29. Let d be a(23). Suppose 0*o = -d*o - 30. Let b(h) = h**3 + 4*h**2 - 5*h. Determine b(o).
0
Let f(g) = 11*g - 1. Let m be 3/(-1) + 5/30*12. Calculate f(m).
-12
Let g = 42 - 39. Let a(v) = -3*v**3 - 5 - 26*v + 24*v - g*v**2 + 4*v**3. Calculate a(4).
3
Let i(n) be the first derivative of -n**2/2 + 15*n + 196. Suppose -3*v - v = -44. Give i(v).
4
Let r = 115 - 118. Let d(j) = j**2 + 8*j + 3. Let k(q) = -q**2 - 7*q - 3. Let t(g) = 3*d(g) + 4*k(g). Determine t(r).
0
Let j(n) = 7*n + 8. Let t(h) = 4*h + 4. Let l(a) = -3*a - 3. Let q(p) = -5*l(p) - 4*t(p). Let f(b) = -5*j(b) - 40*q(b). Suppose -z + 2*z = -1. Determine f(z).
-5
Let i be (-68)/(-10) - (-5)/25. Let f(b) = -b + 4 + i*b - 5*b. Calculate f(-6).
-2
Let c(w) = w**2 - 8*w - 4. Let f(j) = -5*j - 21. Let r be f(-6). Let v be c(r). Let k(n) = -n**3 + 6*n**2 - 6*n - 1. Give k(v).
-6
Let s(g) = 7 - 3*g**2 + g - 6 + 4*g**2. Let z be ((-9)/(-3) - 3) + -4*1. Give s(z).
13
Let q(c) = 6*c**2 + 2*c - 2. Suppose 4*m - 94*z - 8 = -98*z, m + 2*z - 3 = 0. Calculate q(m).
6
Let c(n) be the third derivative of n**5/60 + 3*n**4/8 - n**3 - 193*n**2. Determine c(-11).
16
Let k = 20 + -15. Let y(u) be the first derivative of -2 + k*u - u**2 - 1/3*u**3. What is y(-4)?
-3
Let v(y) = -3*y**2 + y + 1. Let o(s) = 5*s**2 - 3*s - 3. Let n(z) 